87 and h?
11
Let w = -3885 + 4083. What is the highest common factor of w and 1683?
99
Suppose 3*k = 3*u - 3, -4*k - 2*u + 7*u = 1. Let m be -1078*(k - -5)*(-6)/12. What is the highest common factor of m and 49?
49
Let m = -3191 + 3263. What is the highest common divisor of 468 and m?
36
Suppose 89 = i + 17. Let r(m) = 10*m + 93. Let s be r(-9). Suppose 0 = s*f + 3*f - 54. What is the highest common divisor of f and i?
9
Let n = 3288 + -3281. Calculate the highest common factor of 1400 and n.
7
Let b = -398 - -958. Let f = -113 - -193. Calculate the highest common factor of b and f.
80
Suppose 2*j - j = 19. Suppose j = -0*y + y. Let t = -761268 - -761306. What is the greatest common factor of t and y?
19
Suppose -43*w + 9*w = 96*w - 5200. Suppose i - 2*i = -5*c + 4996, -i - 1996 = -2*c. What is the highest common factor of c and w?
40
Suppose d - 1 = -6, -5*k + 3*d + 40 = 0. Let b(f) = 13*f + 7. Let v be b(k). Suppose 0 = -8*g + 2*g + v. Calculate the greatest common divisor of 12 and g.
12
Let l be ((-32)/(-24))/((-6)/(-99)). Let g(n) = -n**2 + 37*n. Let q be g(l). What is the greatest common divisor of 30 and q?
30
Suppose 0 = 9*k - 1045 + 901. Calculate the greatest common divisor of k and 708.
4
Let j = -4 + 13. Let a = j + -8. Let o be (-24)/((a - 4)/3). Calculate the greatest common factor of 48 and o.
24
Let r = -4714 + 5054. What is the greatest common factor of r and 15?
5
Let s be (-8)/12*(-525 - 0). Let q be (40/(-3900) - (-6)/78) + 418/30. Calculate the greatest common factor of s and q.
14
Let j = -25372 + 27012. Calculate the greatest common factor of 1480 and j.
40
Let z(w) = 30*w**2 + 13*w - 41. Let h be z(-13). Suppose 12*v = -15*v + h. What is the highest common factor of v and 40?
20
Let f = 19486 - 19318. Calculate the greatest common divisor of f and 312.
24
Let i(m) = m**2 - 9*m + 65 + 8*m - 13*m. Let v be i(11). Calculate the highest common factor of v and 48.
16
Let n = -777 + 790. Let m(f) = -f. Let y be m(0). Suppose 10*p - n*p + 57 = y. What is the greatest common factor of 209 and p?
19
Let d(j) = -j + 14. Let b be d(-10). Let w = b + -21. Suppose -222 = x - w*x. What is the greatest common factor of 74 and x?
37
Suppose 1231 = 27*r + 421. Suppose -15*t + 13*t + r = 0. Calculate the greatest common divisor of 120 and t.
15
Let x(p) = p**2 + 636*p - 5785. Let w be x(9). What is the greatest common divisor of 930 and w?
10
Let y(q) = -8*q**3 + 25*q**2 + 24*q + 48. Let s be y(-8). What is the highest common divisor of s and 48?
16
Let k be 4/18 - 451/369. Let b(h) = 17*h + 34. Let x be b(k). What is the greatest common divisor of 136 and x?
17
Let o = 324 - 194. Suppose -46*g + 129*g - 5063 = 0. Let b = o - g. Calculate the greatest common factor of b and 3.
3
Let a = -32800 - -33003. What is the greatest common factor of a and 5249?
29
Let m(v) = -v**3 - 40*v**2 - 306*v - 5. Let i be m(-30). What is the greatest common divisor of i and 85?
5
Let a be (66/5)/(2/5). Let d = -18 + 30. Suppose -1 - d = -3*f - 2*u, 4*f - 18 = -3*u. What is the greatest common factor of f and a?
3
Let y = -2572 + 2572. Suppose 1 = 5*m - 24. Suppose y = m*k + 5*r - 45, -26 + 9 = -3*k - r. What is the greatest common factor of 8 and k?
4
Suppose -5487 = 38*u + 20315. Let n = 681 + u. What is the greatest common divisor of n and 21?
1
Suppose -o = 5*u - 239, -4*o + 273 = 2*u - 557. Calculate the highest common divisor of 1326 and o.
102
Suppose -15 = -2*q + q + 5*m, 3*m = -5*q + 103. Suppose 2*s + q*t = 17*t + 101, -25 = 5*t. Calculate the greatest common divisor of 4 and s.
2
Suppose -k = -3*k - 2*h - 600, -3*k = 2*h + 903. Let j = k + 317. What is the highest common divisor of 28 and j?
14
Let g = -76 + 144. Let n(j) = 3*j - 23. Let r be n(9). Let l be -1*((-12 - 9) + r/1). What is the greatest common divisor of g and l?
17
Suppose 0 = 3*y + 27, 3*y = 10*b - 104 + 27. Suppose 7*k = 3*k + 28. Calculate the greatest common divisor of k and b.
1
Suppose 5*s - 14*s = -198. Suppose -3*b - 7*i + 5*i + 34 = 0, -2*i - s = -4*b. Suppose 12 + 20 = 4*t. Calculate the greatest common divisor of t and b.
8
Suppose 4*p = 3*p + 1, 4*w - 3497 = -p. Suppose 29*o = 5622 + w. Calculate the highest common factor of 14 and o.
14
Suppose 0 = -5*a - 2*d, -1 = -2*a - 3*d - 12. Suppose -3*y - 65 = -a*n, 21*y + 15 = 16*y. Calculate the greatest common factor of n and 700.
28
Let w(p) = 21 - 37 + p**2 - 6*p + 28 + 6. Let z be w(4). Calculate the greatest common divisor of z and 500.
10
Let l be (-119)/(-85)*(1 - -4). Suppose -i = l*q - 2*q - 56, -4*i = -q + 28. Calculate the greatest common divisor of q and 96.
12
Let o = -7248 + 10665. What is the greatest common factor of 204 and o?
51
Let i be 4/32 + (-64070)/(-80). What is the highest common factor of 18 and i?
9
Let u(c) be the first derivative of 18 + 2*c**2 + c + 16/3*c**3. Let v be u(-3). Calculate the greatest common divisor of 19 and v.
19
Suppose 3*y - 21 = -3*l, l = 3*y - 8 - 5. Suppose 2*f - 4*f = -58. Calculate the highest common factor of f and l.
1
Suppose 119 = 3*f + 26. Let x be -868*((-45)/(-270))/(2/(-3)). Calculate the greatest common factor of f and x.
31
Let y(r) = -2*r - 12. Let w be y(-6). Let z be (2 - (6 + -4))/(-2 - w). Suppose 5*u - 75 = -z*u. What is the highest common divisor of u and 120?
15
Let b = 8635 - 8315. What is the greatest common factor of 1984 and b?
64
Suppose 3*p + 87 = -3*o, -39 = o - 0*p + 3*p. Let h be -175*6/o*4. Calculate the highest common divisor of h and 70.
35
Let h(r) be the first derivative of r**4/4 - r**3 + 3*r**2/2 + 11*r + 39. Let n be h(7). Calculate the highest common divisor of n and 6.
6
Let y be 2056/40 - (2 - 26/10). Let z = -45 + 84. Suppose z = 3*b - 0*b. What is the highest common divisor of y and b?
13
Suppose -672 = -14*r + 8*r + 378. What is the highest common divisor of 2175 and r?
25
Suppose 3*n + 5*t - 281 = 325, -4*n - t = -825. Let v(y) = 2*y**3 - 3*y**2 - 135*y + 284. Let q be v(2). Calculate the highest common divisor of n and q.
9
Suppose -56 = -2*o - 2*o. Let b(p) = p**3 + 165*p**2 - 1178*p - 63. Let r be b(7). Calculate the greatest common factor of r and o.
7
Let y be 5 - -805 - ((-22)/14 + (-15)/35). What is the highest common factor of 1484 and y?
28
Let t be ((-2)/5)/(944/(-1770))*12. Suppose -6 = -2*y - 2. Suppose -9 - 27 = -y*o. What is the highest common factor of o and t?
9
Let y(n) = 398*n - 6052. Let i be y(24). Calculate the highest common factor of 28 and i.
28
Let h be (-3 + -3 - 3)*1/1. Let a be (15 - 19)*(h + 2). What is the greatest common divisor of a and 12?
4
Suppose -3*j = 2*z - 10217, -36598 + 11093 = -5*z + 5*j. Calculate the greatest common factor of z and 176.
176
Let j = -997 + 31104. Calculate the highest common divisor of 77 and j.
77
Let r be (-86)/(11/(-22) + 6/4). Let h = r - -8. Let o be (-6)/(-4)*h/(-9). Calculate the greatest common divisor of 117 and o.
13
Suppose 4*z = 2*x - 2, z = 4*x - 9*x + 27. Suppose -160 + 580 = x*t. What is the highest common divisor of 24 and t?
12
Let f be 4 - 516*((-104)/24)/13. What is the greatest common divisor of 286 and f?
22
Let a(g) = 157*g + 5066. Let o be a(-32). Calculate the highest common divisor of o and 4228.
14
Let u = 7037 - 6887. Calculate the highest common divisor of 1275 and u.
75
Let h be (-18)/(-4)*(3/9 + 1). Suppose -h*a + 864 = 6*a. Calculate the greatest common factor of 45 and a.
9
Let y = -482 + 486. Suppose 204 = y*z + 2*b + 76, 0 = 2*b + 4. Calculate the greatest common divisor of z and 55.
11
Suppose -155 = -10*f - 2095. Let x = -92 - f. Calculate the greatest common divisor of x and 68.
34
Let v be 104/390*15*1. Let c(n) = 160*n**2. Let x be c(-1). Suppose -20 = -5*t, 5*p - 5*t + 0*t - x = 0. What is the highest common factor of v and p?
4
Let h = -593 - -640. Suppose 3*g - 82 = -4*s, -3*s = 2*g + h - 109. What is the greatest common divisor of s and 143?
11
Let o(m) = -77*m - 2. Let p be o(-2). Let r = 262 - 259. Suppose 3*a = r*x - 2*x + 54, -64 = -4*a + 4*x. What is the highest common factor of a and p?
19
Suppose -1084*i = -2*s - 1082*i + 6880, -6 = 3*i. Calculate the highest common factor of s and 955.
191
Suppose -j - 13 = 3*q, -4*q - 3*j - 4 = 5. Let h be 377 - (-6)/(-12 - q). What is the greatest common factor of h and 47?
47
Suppose